+ 8*v. List the prime factors of v.
2
Let w = -7 - -8. Let u be (27/12)/(w/(-4)). List the prime factors of u/12 + (-177)/(-12).
2, 7
Let n(r) = -r**3 + 8*r**2 - 3*r - 4. Let b(m) = -3*m**3 + 23*m**2 - 8*m - 11. Let s = 23 - 34. Let c(o) = s*n(o) + 4*b(o). What are the prime factors of c(3)?
2, 3
Let m(t) = -4*t**3 + 6*t**2 - 8*t + 3. Let o(r) = -r**3 + r**2 - r. Let q(v) = -m(v) + 5*o(v). List the prime factors of q(-3).
2, 3
Let q(j) = 4*j - 1 + j**2 - 3*j - 2*j**2. Let z be q(-2). Let d = z - -15. List the prime factors of d.
2
Let c(w) = -w**3 - 2*w**2 + w - 4. Let s be c(-3). Suppose -4*j + 5*y - 1 = -3*j, -s*j = -2*y - 6. Suppose 9*o = j*o + 55. What are the prime factors of o?
11
Suppose 0 = -2*z + z + 58. What are the prime factors of z?
2, 29
Let r(s) = s**3 + 4*s**2 - 3*s - 4. Suppose 0 = 3*i - 0*i + 9. List the prime factors of r(i).
2, 7
Suppose -60 = -3*f - 15. Suppose f = 3*b - 60. What are the prime factors of b?
5
Let a(t) = -2 + 2 + 2*t. Let p be a(2). Suppose -p*n = -n - 12. List the prime factors of n.
2
Let w be (9/(-6))/(6/(-8)). Suppose 0 = -2*a + 3*u - 3 - 3, -5*u = -20. Suppose -a*l = w*l - 40. What are the prime factors of l?
2
Suppose l + 9*l - 820 = 0. What are the prime factors of l?
2, 41
Let q = 11 - -7. What are the prime factors of q?
2, 3
List the prime factors of (-24)/(-84) - (408/(-14))/3.
2, 5
Let v = -40 - -76. Let l be 80/v + 4/(-18). List the prime factors of 1 - 3 - (-4 - l).
2
Let l = 97 - -52. List the prime factors of l.
149
Let y(j) = -j**3 + 5*j**2 - 5*j + 1. Let d(c) = 2*c**3 - 9*c**2 + 9*c - 2. Let l(z) = 3*d(z) + 5*y(z). What are the prime factors of l(2)?
3
Suppose -5*u = -4 - 1. Let n(b) = 20*b**3 + 2*b**2 - 2*b + 1. What are the prime factors of n(u)?
3, 7
Let v(g) = -14*g - 1. Suppose 2*y + 2*y - 4 = 0. Let z be v(y). Let n = z + 32. What are the prime factors of n?
17
Suppose 0 = -5*x + 9 + 16. Suppose 2*i - x*i = -81. What are the prime factors of i?
3
Let l(r) = r**2 - 4*r - 8. List the prime factors of l(8).
2, 3
Let r = -13 + 21. Suppose r + 40 = 4*g. What are the prime factors of g?
2, 3
Let f = 0 + 5. Let n be (4/f)/(2/5). Suppose -s - 15 - 2 = -g, 4*s + 36 = n*g. List the prime factors of g.
2
Let q be -1 + 8 - (1 + 0). Let o = q - 5. Let v = o - -4. List the prime factors of v.
5
Suppose -5*i - n = -16, 0 = 4*i - 0*i + 2*n - 14. Let u = -2 - -2. List the prime factors of 2 - i - (-9 - u).
2
Let q(x) = 2*x**3 - 6*x**2 - 2*x - 5. List the prime factors of q(5).
5, 17
List the prime factors of (-75)/(-7) + (-2)/(-7).
11
Let i(s) = -s**2 + 5*s + 2. Let l be i(5). Suppose -l*p = -8*p + 168. What are the prime factors of p?
2, 7
Let p = -474 - -875. What are the prime factors of p?
401
Let u be -3*(-1)/((-3)/8). List the prime factors of 34/(2/(u/(-4))).
2, 17
Let o = 6 + 2. Let l(m) = m - 9 + 16 - 3 - 8. List the prime factors of l(o).
2
Let n(o) = 4*o**3 - 4*o**2 + o + 2. Let g be n(2). Suppose -4*j = 2*p - j - 30, p + 4*j - g = 0. List the prime factors of p.
2, 3
Let w(x) = -x + 8. Let f be w(5). Suppose k = 2*z - 1 - 0, f*k = 2*z + 1. What are the prime factors of 4 + -1*(k - 0)?
3
Suppose -o + 4*c + 26 = 2*o, o - 3*c = 17. Suppose -5*a - 25 = 0, o*x = -4*a + a + 7. List the prime factors of x.
11
Let w(c) be the third derivative of -c**4/24 + c**3/6 - 16*c**2. Let q be -2 + -3 - (1 - 1). List the prime factors of w(q).
2, 3
Let j(y) = -y**3 + 2*y - 2. Let f(i) = -i**2 + i + 1. Let o be 3/(-2)*(-2)/(-3). Let x(v) = o*j(v) - 3*f(v). What are the prime factors of x(-4)?
3
Let f be (12/(-8))/((-3)/10). Suppose -4*n = f*a + 2, -7 = -n + 2*a - 1. Suppose -2*r - n*r + 20 = 0. List the prime factors of r.
5
Let r be 43/(-9) - (-6)/(-27). Let t(f) = -f + 1. Let q be t(r). Suppose 28 = q*c - 2*c - 4*a, a - 13 = -4*c. List the prime factors of c.
2
Let f = 41 - 11. Let c = 43 - f. List the prime factors of c.
13
Suppose r - 5*r + 480 = 0. What are the prime factors of r?
2, 3, 5
Suppose -5*c = -102 - 258. List the prime factors of c.
2, 3
Let x(i) = i**2 + 7*i + 7. Let a be (8/6)/(4/(-18)). Let d be x(a). Suppose -k + d + 2 = 0. List the prime factors of k.
3
Suppose 2*m - 1 = y + 7, -4*m + 28 = -5*y. Suppose 2*n - 64 = m*c, n - 4*c = 17 + 24. List the prime factors of n.
29
Suppose 0 = 4*w - 8, w - 14 = p + 3*p. Let r be ((-2)/(-4))/(p/108). What are the prime factors of -3*3/r*12?
2, 3
Let y(p) = -p + 10. List the prime factors of y(6).
2
Suppose 4*v = -5*k + 18, 3*k - 8*k - 2*v + 24 = 0. Let c = 11 - k. Suppose c*r - 5 = 0, 0 = -2*x + 5*x - 2*r - 46. List the prime factors of x.
2
Let j(n) = 48*n - 19. List the prime factors of j(8).
5, 73
Let m(a) = -a**3 - 9*a**2 - 8*a. Let o be m(-8). Suppose -f = i - 6, 2*i + o*f + 8 = 3*f. List the prime factors of i/(-5) - 171/(-15).
11
Let y(m) be the third derivative of m**4/12 + m**3/3 + m**2. List the prime factors of y(7).
2
Let h = -166 - -232. List the prime factors of h.
2, 3, 11
Suppose -2*c + 76 = -2*s, 3*c - 2*s - 70 = 46. What are the prime factors of (0 - 1) + -6 + c?
3, 11
List the prime factors of 394/10 + 6/(-15).
3, 13
Let a(h) = -2*h + 3. Let j(v) = -v + 2. Let b(w) = -3*a(w) + 5*j(w). Let f be b(2). Suppose -r = f*r - 36. List the prime factors of r.
3
Suppose -6*v + v + 235 = 0. List the prime factors of v.
47
Suppose 4939 + 71 = 15*t. List the prime factors of t.
2, 167
Suppose 4*q + 0*z - 268 = z, 67 = q + 5*z. What are the prime factors of q?
67
Let c(b) = b**2 + 6*b - 1. Let d be c(-7). Suppose -4*s - 13 = -a, 5 = -d*s + s. What are the prime factors of a?
3
Let i be (-8)/44 - (-576)/22. Suppose 2*f - 4*u = 52, -f - 4*u + i = -0*u. List the prime factors of f.
2, 13
What are the prime factors of -1*(-2 - 1) - -143?
2, 73
Suppose -711 = -2*v - y + 4*y, 3*v - 1074 = -3*y. List the prime factors of v.
3, 7, 17
Let s = 6 - 2. Suppose -4*x + 8 = s*i, 15 = -3*x + 3. List the prime factors of i.
2, 3
Let s be 0 - (291/(-3) - 3). Let o = -60 + s. Suppose -2*k - 16 = -o. What are the prime factors of k?
2, 3
Let i(p) = 29*p + 2. Let r be i(2). Suppose 2*k - 7*k + r = 0. What are the prime factors of k?
2, 3
Let o(y) = -y**3 + 2*y**2 + 3*y - 2. Let h = -3 + 0. List the prime factors of o(h).
2, 17
Let j be (1 - 0)*(-3 - -3). Suppose j = 5*a - 18 - 22. List the prime factors of a.
2
Let p be ((-2)/4)/(-1)*6. Let j = p + 1. Suppose -8 = -j*i - 24, 5*c - 5*i = 35. List the prime factors of c.
3
Let l be ((-33)/9)/(2/6). Let p = l + 18. What are the prime factors of p?
7
Suppose 0*m - 20 = -2*m. Let q = m + -5. List the prime factors of q.
5
Let a = 60 + -43. List the prime factors of a.
17
Let a = -2 - 0. Let k = a - -4. What are the prime factors of k/5 - 108/(-30)?
2
Suppose -2*b = -13 + 5. Let z be 2/(-4) - (-30)/b. Let i(s) = s**3 - 6*s**2 - 4*s - 9. What are the prime factors of i(z)?
2, 3
Let k(f) = f**2 + f - 5. Suppose a - 4 = -0*a. List the prime factors of k(a).
3, 5
What are the prime factors of 912/27 - ((-20)/9 - -2)?
2, 17
What are the prime factors of (-8)/(4/(-24)*3)?
2
Let p = -84 - -171. What are the prime factors of (-6)/(-10) - p/(-5)?
2, 3
Suppose v - 175 = -4*v. Suppose 2*m + 25 + v = 2*l, -3*m = 9. Suppose 5*i - 2*i = l. What are the prime factors of i?
3
Suppose 0 = 5*q - q + 3*i - 498, -q + 5*i + 113 = 0. What are the prime factors of q?
3, 41
Let p(b) be the first derivative of -b**3/3 + b**2 - 2. Let f be p(2). Let v = f + 9. List the prime factors of v.
3
Let y be -1 + 2 - (-5 - -6). Suppose -4*d + 14 - 6 = y. What are the prime factors of d?
2
Let s(t) = 11*t**2 + 2*t - 1. Suppose 0 = 4*h - 4*m + 8, 0 = h + h + 4*m - 8. Suppose 3 = -h*z + 3*z. List the prime factors of s(z).
2, 3
Suppose -2*b - 31 = 5*f - 3*b, 0 = 5*f - 5*b + 15. What are the prime factors of 318/14 - 2/f?
23
Let w be (-2 - -8)*(-1)/(-2). Suppose -i - w*i = -16. Suppose -i*p = -1 - 7. What are the prime factors of p?
2
Suppose -2*f - 3*f = 3*p - 206, 3*f - 4*p = 112. Suppose -3*a = 2*a - i - 48, -5*i + f = 3*a. List the prime factors of a.
2, 5
Suppose 5*p + 5 + 8 = z, 3*p = 5*z + 1. Let x = z + 7. Suppose 0 + 9 = -3*q, 5*q = -2*m - x. List the prime factors of m.
5
List the prime factors of (-15)/(-9) - (-1)/3.
2
Let x = 4 + 1. Suppose -x*q = -q - 84. List the prime factors of q.
3, 7
Suppose -3*p + 18 = 6. Suppose -5*r + p = 24. Let h(k) 